et l(g) = -5*g + 63. Suppose 180*j = 174*j. Let n be l(j). Let d = -4 - -13. Calculate the highest common factor of d and n.
9
Suppose 16 = -8*p + 6*p. Let l be 2/p - 390/(-24). What is the highest common factor of l and 64?
16
Suppose -17 = 12*v - 13*v. Let w = v - 12. Suppose 2*q + 16 + 10 = w*n, 5*n = 4*q + 32. What is the highest common divisor of n and 2?
2
Let v be (-6152)/(-44) + 7/(308/8). Suppose 2*j = 3*j - 20. Calculate the greatest common divisor of v and j.
20
Let h(a) = 4*a - 20. Suppose -3*l - 4*w + 25 = 0, 0*l + 15 = l - 2*w. Let q be h(l). Calculate the greatest common factor of q and 120.
24
Let y be (-4 + 0 + 3)*-20. Let v = -13 + y. What is the greatest common factor of v and 14?
7
Suppose -5*r - 5 = -3*t, -5*r - 2*t + 13 = -7. Let g(s) = s**3 + 5*s**2 - 2*s - 7. Let o be g(-5). What is the greatest common factor of r and o?
1
Let t = -71 + 73. Let k be t/(-3) + -3 + 880/15. Let d(z) = z + 2. Let c be d(3). What is the greatest common divisor of c and k?
5
Let y be ((-16)/(-4) - 3)*6. Suppose 0 = -y*h + 19 - 7. Let g(k) = 75*k + 2. Let j be g(h). Calculate the highest common factor of j and 19.
19
Suppose -o - z = 8, 0 = 3*o + 2*z + 14 + 5. Let x = o + 9. Calculate the highest common factor of 6 and x.
6
Let v be 18/8*(-32)/(-3). Let l = -132 + 135. Calculate the highest common factor of v and l.
3
Suppose -4 = h, -2*l + 0*h + 2*h + 24 = 0. Let j be 8/l + 23 + 1. Let m = 120 + -45. Calculate the greatest common divisor of m and j.
25
Let m(a) = a**3 + 14*a**2 - 22*a - 30. Let i be m(-15). Suppose i = 2*l + 21. Calculate the greatest common factor of 54 and l.
27
Let n(d) = -3*d + 242. Let x be n(-46). What is the greatest common divisor of 475 and x?
95
Suppose -4*t = -5*m + 9*m - 7820, 2*m - 4*t - 3898 = 0. What is the highest common divisor of 9 and m?
9
Suppose 2*d = 7*d - 390. Let b be 2/13 - 141/(-13). Let n = 2 + b. What is the highest common divisor of d and n?
13
Suppose -3*s - 10*s = -0*s. Suppose 3*u - 3 = -12, s = 3*a + 5*u - 552. Calculate the highest common factor of a and 21.
21
Let a(f) = -34*f + 20 + 64*f + 16 - 27*f. Let q be a(20). Calculate the highest common factor of 16 and q.
16
Let g(l) = l**3 + 3*l + 5. Let n be g(-6). Let r be 6560/15 + 4/6. Let j = n + r. Calculate the greatest common factor of j and 19.
19
Let q be (3/(72/78))/((-2)/(-40)). What is the greatest common divisor of 39 and q?
13
Let z be (-2)/(-3)*(-33)/11. Let b be (-84)/(-39) + z/13. Suppose -b*w + 153 = w. What is the greatest common divisor of 17 and w?
17
Let z = -100 + 112. Suppose 5*w = -0*w + 15. What is the highest common factor of w and z?
3
Suppose 0 = -4*v + 651 - 555. Let m = 8 - 2. Calculate the greatest common factor of v and m.
6
Suppose 5*u - z = 7, -u - z + 5 = -3*z. What is the greatest common factor of 5 and u?
1
Let c = -29 + 77. Let l(b) = 4*b**2 + 2*b + 30. Let i be l(7). What is the greatest common divisor of c and i?
48
Let l be (-60 + 11)*(1 + -2). Let y = 85 - l. Suppose -32 = -2*f - 5*j, j = 4*f + 4*j - y. What is the greatest common divisor of f and 15?
3
Let u be -1*17*(3 + -6). Calculate the greatest common divisor of 6 and u.
3
Suppose 3*c = 9, -l + 0*l - 1 = -2*c. Suppose w - 1 = -f, -l*f = -2*w - 13 + 1. Calculate the highest common divisor of f and 16.
2
Suppose 6 = -5*a + 2*a, -2*i = -3*a - 24. Suppose -b + i = 2. Let w(r) = -r - 1. Let d be w(-8). What is the highest common factor of b and d?
7
Let t = -1976 + 2060. Calculate the highest common divisor of 2688 and t.
84
Let b = 540 + -510. Calculate the greatest common factor of 75 and b.
15
Suppose -4*x + 252 = 4*z, 10*x - 6*x = 5*z + 297. What is the greatest common factor of x and 68?
68
Suppose -z + 254 - 868 = 0. Let t(o) = -o**3 - 8*o**2 + 9*o + 11. Let c be t(-9). Let u be (-10)/(-55) - z/c. Calculate the greatest common divisor of u and 7.
7
Let i(c) = -3*c + 1. Let b be 2/(-10) + (-216)/45. Let q be i(b). Let h(r) = 23*r**2 + 1. Let x be h(1). What is the highest common divisor of x and q?
8
Let g be 48618/296 - 3*(-1)/4. Calculate the greatest common divisor of g and 110.
55
Let x be 61 - (-7)/((-7)/4). Suppose 4*t - 59 = -5*r - 0*r, 3*t + x = 3*r. What is the highest common factor of 165 and r?
15
Let z = 0 + 6. Suppose -z + 4 = a. Let x = 20 + a. What is the highest common divisor of x and 36?
18
Suppose 76 = 3*j - x, 5*x - 49 = -2*j + 6*x. Suppose 3*w - 2 = 7. Calculate the highest common factor of j and w.
3
Let p be (-602)/(-129)*-3*(-36)/14. Suppose 3*g - 572 = -o - p, -5*o = 3*g - 520. What is the highest common factor of 36 and g?
36
Let w(o) = -o**3 - 7*o**2 + 6*o - 12. Let h be w(-8). Suppose h*g - 264 = -84. What is the greatest common factor of g and 5?
5
Suppose 0 = 5*u + 20, 4*u + 31 = 9*f - 8*f. What is the greatest common factor of f and 465?
15
Suppose 7*l - 82 = 2. Suppose 0 = -s + 5*s - 20. Suppose 3*h + 2*d - 184 = 0, s*h - 2*d = 260 + 36. What is the highest common divisor of l and h?
12
Suppose -92 = -5*c + 73. Let z = -311 + 608. What is the highest common divisor of c and z?
33
Let a be ((-5)/(-1))/(45/(-60)*(-30)/54). Suppose -5*m + 168 = -3*m. Calculate the highest common factor of m and a.
12
Let r be 2142/(-7)*(3/2 - 3). Calculate the greatest common factor of r and 51.
51
Let n = 112 - 40. Let q = -44 + n. Let m be 2 + (-1 + 0 - -13). Calculate the highest common divisor of q and m.
14
Let o(a) = -131*a + 11. Let y be o(-2). What is the greatest common factor of 42 and y?
21
Let s be -2*1/(-2) + 22. Suppose -2*a = 4*o - 26, -a + 25 = 5*o - 0. Suppose -s = -o*x + 5. What is the highest common divisor of x and 56?
7
Let x = -140 - -72. Let a = x + 74. Calculate the highest common factor of 12 and a.
6
Let h = 3 + 6. Let w = h + 7. Suppose 2*d + 536 = 3*m + 6*d, 0 = -5*m - 3*d + 886. What is the highest common divisor of w and m?
16
Let d = 193 + -119. What is the greatest common divisor of 296 and d?
74
Suppose -439 = -5*u - 4*x + 369, 650 = 4*u + 5*x. Let t = u - 83. Let z(m) = 11*m**2 - m - 1. Let n be z(-1). What is the greatest common divisor of n and t?
11
Let s = -475 + 682. Calculate the highest common divisor of 9 and s.
9
Let l = 411 + -397. What is the highest common factor of l and 77?
7
Let b be (-44)/(-16) + -3 + 177/4. Calculate the highest common divisor of 8 and b.
4
Let f be 30/25 + (-816)/(-20). What is the greatest common divisor of f and 18?
6
Suppose 5*h = 3*p + 27, 2*p = -h + 2*h - 11. Suppose 0 = 2*w - 3*r - 45, -5*w + 0*r + 3*r = -90. Calculate the highest common divisor of w and h.
3
Let a be ((-11)/4)/((-41)/164). Calculate the greatest common divisor of 22 and a.
11
Let k be (372/8)/(210/140). Suppose -x + 1116 = 3*x. Calculate the greatest common factor of x and k.
31
Suppose 0 = 241*j - 226*j - 2790. Calculate the highest common divisor of 155 and j.
31
Suppose w + 4*w + 5 = -5*i, 2*i - 3 = 3*w. Let l = i - -1. Suppose -5*k + 3*p - 7 = 0, 4*k - 2*p + 3 + l = 0. What is the highest common divisor of k and 1?
1
Let n(v) = 12*v - 88. Let i be n(14). Calculate the highest common divisor of i and 5.
5
Let g(r) = -r**2 + 23*r - 6. Let t be g(22). Let m be (168/98)/(t/14 - 1). What is the highest common divisor of 3 and m?
3
Let i = 305 + -296. Calculate the highest common divisor of i and 180.
9
Let h(x) = -181*x - 258. Let f be h(-8). Calculate the highest common divisor of 140 and f.
70
Let i(f) = f**2 - f. Let l(d) = 2*d**2 + 4. Let s(n) = 5*i(n) - l(n). Let k be s(4). What is the greatest common divisor of k and 60?
12
Suppose a - 3*w = -a + 39, -3*a + 2*w + 46 = 0. Let z = a + 9. Suppose -2*n + z = -27. What is the greatest common divisor of n and 36?
12
Suppose 110 = 3*v - m, 5*m = -0*v + 3*v - 130. What is the greatest common factor of v and 280?
35
Let a = 737 - 645. Calculate the highest common divisor of 161 and a.
23
Suppose -2*v + 5*n = 20, 4*v + n - 5 = -1. Suppose 0 = j - 3*c - 11, 3*c - 109 = -5*j - v*c. Let p = 28 - j. Calculate the highest common factor of 24 and p.
8
Let u be (-10)/25 + 951/15. What is the highest common factor of 9 and u?
9
Suppose 0 = 6*k + 407 - 29. Let q be (-6)/4*74/(-1). Let u = k + q. Calculate the highest common factor of 16 and u.
16
Suppose -x + 61 = 289. Let v = 322 + x. What is the greatest common factor of v and 235?
47
Let n = -45 - -76